2*a**2 - 3*a + 7. Let l be x(-5). Let d = l - -102. What are the prime factors of d?
2, 37
What are the prime factors of 0 + 629 - (-32 - -27)?
2, 317
Suppose 3*j = 2*x + 365, x = -j - 2*x + 118. Let c = j + -29. List the prime factors of c.
2, 23
Let r(t) be the third derivative of 13*t**5/60 + t**4/8 + 2*t**3 - 14*t**2. List the prime factors of r(-4).
2, 13
Let u(f) = 13*f**2 - 26*f - 47. List the prime factors of u(12).
17, 89
Let o(n) = n**2 - n - 2. Let b be o(0). Let z be (-7)/(2/b) - 2. What are the prime factors of 83/z + 21/(-35)?
2
What are the prime factors of 3/(12/28) + 811?
2, 409
Suppose b - 1058 = 3*d, 2*b + 2*d - 2148 = -0*b. What are the prime factors of b?
2, 5, 107
Suppose -2*h - 5*s = -1709, 0*h - 3*h - 5*s + 2551 = 0. What are the prime factors of h?
2, 421
Suppose 36 = 3*i - 24. Let w = i - 12. Let o(f) = -f**3 + 8*f**2 + 2*f + 2. What are the prime factors of o(w)?
2, 3
What are the prime factors of (6 - (2 - 205)) + 7?
2, 3
Let z(k) = 3*k**2 + 38*k - 302. What are the prime factors of z(7)?
3, 37
Let p = -4 - -4. Suppose p*s + 6*s = 18. Suppose 61 = g + 4*i, -s*g - 5*i + 71 + 98 = 0. What are the prime factors of g?
53
Let a = 65 - 40. List the prime factors of (40/a)/(-4)*-85.
2, 17
Let a = 26 + 76. What are the prime factors of a?
2, 3, 17
Suppose 0 = 8*d - 15 - 441. What are the prime factors of (d + 5)*(6/(-4) + 2)?
31
Let c(a) = -60*a + 23. List the prime factors of c(-8).
503
Suppose -9*c - 153 = -423. List the prime factors of c.
2, 3, 5
Let f(o) = 2*o + 9. Let t be f(-6). Let g = 18 + -15. List the prime factors of g/(t*3/(-33)).
11
Let p(h) = -h**3 + 28*h**2 + 60*h + 71. List the prime factors of p(29).
2, 5, 97
Let q = -42 - -55. Let h(w) = -w**3 + 14*w**2 - 8*w - 11. What are the prime factors of h(q)?
2, 3
Let i(y) = -30*y + 80. List the prime factors of i(-35).
2, 5, 113
List the prime factors of -1 + (2876 - (1 + 1)).
13, 17
Let h be 6/(-45) + 32/15. List the prime factors of (-17)/h*(-136)/4.
17
Let h = 459 + -311. Suppose -4*r + h + 400 = -3*c, 5*r = 5*c + 680. List the prime factors of r.
2, 5, 7
Let l = -14 - -19. Suppose -l*n = -477 + 142. What are the prime factors of n?
67
What are the prime factors of ((0 - -2)/(-1))/((-32)/74384)?
4649
Let g = 8 + -8. Suppose 3*z - a - 8 = 0, 2*a + 7 = 4*z - 5. Suppose z*s - 26 = -g. List the prime factors of s.
13
Let k = 11 - 6. Suppose 4*i + 186 = 2*c, -k*c + 5*i = i - 483. List the prime factors of c.
3, 11
Suppose f - 1867 = -2*y, 17*f - y = 14*f + 5629. What are the prime factors of f?
3, 5
Let h(l) = 208 + l**2 - 73 + 6 + l**3. What are the prime factors of h(0)?
3, 47
Suppose 4 = -3*v - v. Let q = 2 - v. Suppose b = h + 23, 4*b - 7*b - q*h = -39. What are the prime factors of b?
2, 3
Let b be -1 - (3 + 25 - -3 - 2). What are the prime factors of (-2 - 236/(-10))/((-4)/b)?
2, 3
Let t(u) = 2*u + 4. Suppose 0*k + k + 2 = 0. Let n be t(k). Suppose n = 2*s + 3*s - 55. What are the prime factors of s?
11
Suppose 0 = -2*b - 3 - 3. Let j(u) = -4*u - 6. Let g be j(b). Suppose -2*o - 48 = -g*o. List the prime factors of o.
2, 3
Suppose -10 = -6*l + l. Suppose -3*b = -2*b - l. Suppose 4*c - 40 = -2*a, -b*c + 4*a - 26 = -4*c. List the prime factors of c.
3
Let i(k) = -67*k**2 + 1. Let m be i(-1). Let q be (-1 + m - -1)/(-2). Let l = q + -16. What are the prime factors of l?
17
Let y = 1752 - 266. What are the prime factors of y?
2, 743
Let b(i) = -33*i. Let p be b(-2). Suppose 5*z = -5*m + p + 39, -3*m + 11 = z. Let g = z + 4. List the prime factors of g.
2, 3, 5
Suppose -2*d = -22 + 18. Let k be (-189)/d*(-20)/30. Suppose -5*v - k = -h, h = 4*h + 3*v - 117. List the prime factors of h.
43
List the prime factors of 9 + (-8)/((-32)/(-20)).
2
Suppose 0 = -3*t + 8 - 2. Suppose -112 = -t*w - 4. Suppose 4*r - w = r. List the prime factors of r.
2, 3
Let j(a) be the third derivative of -a**5/60 + 17*a**4/24 - 10*a**3/3 - 21*a**2. List the prime factors of j(11).
2, 23
Suppose 0 = 125*o - 139*o + 9520. What are the prime factors of o?
2, 5, 17
Suppose -a + r - 39 = 0, 0 = -4*a + 5*a + r + 45. Let x = a + 53. What are the prime factors of x?
11
Suppose -v + 20 + 3 = -3*d, 0 = -v + 4*d + 28. Suppose -5*n = 12 + v, 0 = -3*h + 5*n + 599. What are the prime factors of h?
193
Let s(o) = -o**3 - 49*o**2 - 123*o + 28. List the prime factors of s(-47).
13, 107
Let d = -26 + 24. Let b be -2 + d - (1 - -1). List the prime factors of (-1314)/(-54) + (-4)/b.
5
Suppose 23 = 3*g + 5*d, -3*g + 2*d = -d - 15. Suppose 25 = 5*p, -4*m - 4*p - 514 = -g*m. What are the prime factors of m?
3, 89
Let h = -11 - -16. Suppose 2*s = -5*y - 0*y + 242, y = -h*s + 30. Suppose 3*w - y = 5*a, -2*w + a + 29 = 2*a. What are the prime factors of w?
3, 5
Let l(t) = 9*t - 5. Let o be l(1). List the prime factors of (848/(-24))/(o/(-6)).
53
Let u(x) = -18*x - 19. Let g be u(-4). Suppose -4*y = -3*y - g. List the prime factors of y.
53
Let u(r) = -16*r**2 + 1. Let a be u(1). Let y = -11 - a. Suppose -p + y*p - 9 = 0. List the prime factors of p.
3
Suppose -3*z - 292 = -1081. Suppose 0 = 5*t - z - 247. List the prime factors of t.
2, 3, 17
Let c be (-5 - -2)/(12/520). What are the prime factors of (0 + 1)*c/(-5)?
2, 13
Suppose -5*w + 4*v = 120, 4*w + 52 = -2*v - 70. Let h = w + 64. Suppose 5*u = 4*s - s - 27, 0 = 4*s + 3*u - h. What are the prime factors of s?
3
Suppose 0 = -2*m - 10 + 42. Let z = 41 - m. What are the prime factors of z?
5
Let k(p) = -p**3 - 4*p**2 + 9*p - 9. Let i be k(-8). Let z be 4 - (-1 + 2)*3. What are the prime factors of i*(z - 9/15)?
2, 5, 7
Let v(o) = o**3 + 2*o**2 - 2*o + 2. Let s be v(-3). List the prime factors of (s/(-3))/(34/14586).
11, 13
Let n = -589 - -1123. List the prime factors of ((-1)/2)/((-3)/n).
89
Let g(j) = -2*j**2 + 17*j - 2. Let w be g(10). Let d = w - -93. List the prime factors of d.
61
Let t(z) = z - 9. Let p be t(9). Suppose p = -5*w + x + 7, 3*w = 3*x - x. Suppose 3*l + w*l = 215. What are the prime factors of l?
43
Let y(a) = -a - 8. Let z be y(-14). Let v(x) = 2*x**2 - 3*x - 3. What are the prime factors of v(z)?
3, 17
Let t = -1990 - -2848. List the prime factors of t.
2, 3, 11, 13
Let l(a) = -91*a**3 - 4*a**2 + 11. Let f(x) = 45*x**3 + 2*x**2 - 6. Let q(b) = 11*f(b) + 6*l(b). What are the prime factors of q(-1)?
7
Let v = -35 - -40. Suppose -4*d + 2 = -v*h - 29, 5*d - 49 = -4*h. What are the prime factors of d?
3
Let i(u) = -u**3 - 11*u**2 - 2*u - 35. What are the prime factors of i(-15)?
5, 179
Let d be (1 + (-4)/6)/((-6)/(-108)). Suppose d*u + 470 = 1556. List the prime factors of u.
181
Suppose -5*o - 2*c + 207 + 260 = 0, 0 = -3*o - 2*c + 281. Let h = 168 - o. List the prime factors of h.
3, 5
Suppose -g - 3*v - 249 = -2*v, 4*g + v + 1008 = 0. Let s = -131 - g. What are the prime factors of s?
2, 61
Let q(h) = 2*h**2 + 4*h - 3. Let j be q(2). Suppose 5*s + 20 = 3*z, -2*s - j = s - 2*z. What are the prime factors of (-3 - 0)*(s + 0)?
3
Let z = -42 + 45. Suppose 3*m + z = 111. What are the prime factors of m?
2, 3
Let l be 2*1166/12 + (-2)/(-3). Let f = 417 - l. What are the prime factors of f?
2, 3, 37
Suppose -13*l + 0*l = -1040. Suppose l = 2*w + 4*a, 0 - 1 = -a. List the prime factors of w.
2, 19
List the prime factors of (-1776)/28*147/(-14).
2, 3, 37
Let x = 37 + -24. Suppose n = 2*i + 2*n - 13, -x = -5*i + 4*n. Suppose 0 = -2*m - 3*y + 134, 0*m - 2*y + 313 = i*m. List the prime factors of m.
61
Let h(o) = o**2 - 3*o. What are the prime factors of h(4)?
2
Let i = -48 - -118. What are the prime factors of i?
2, 5, 7
Let q be (-8)/(-4 + 14/4). Suppose 12*v - q*v + 620 = 0. List the prime factors of v.
5, 31
Let o(d) = -16*d**3 - 11*d**2 - 10*d + 23. List the prime factors of o(-6).
7, 449
Let c(z) = -2*z**3 - 9*z**2 - 5*z + 1. Let y(v) = 2*v**3 + 8*v**2 + 5*v. Let m(a) = 3*c(a) + 2*y(a). What are the prime factors of m(-7)?
5, 37
Suppose -d + 2*d - 4 = 0. What are the prime factors of 3 - (-34)/d*10?
2, 11
Suppose 0 = -4*k + 3*k - 2. Let c = -2 - k. Suppose 3*z - l - 80 = l, z - 5*l - 5 = c. What are the prime factors of z?
2, 3, 5
Suppose -t + 14 = 10. Suppose 0*m + 348 = t*m. Suppose 0 = -3*c - 5*f + m, 60 = 3*c + 2*f - 6*f. What are the prime factors of c?
2, 3
Suppose 6 + 4 = -2*p, 0 = m - 3*p - 25. Suppose -6 = -c + m. What are the prime factor